f a and 18?
18
Suppose -5*m + 6 = -3*m - 2*x, 3*x + 10 = 4*m. Suppose 0 = -3*h + 7 - m. Let q be 12/30*(53 + h). What is the highest common factor of q and 110?
22
Let q = 446 - 270. Calculate the highest common divisor of 32 and q.
16
Let b be -8*(2/(-4) - 0). Let t = 21 + -22. Let d = t + 17. What is the highest common factor of d and b?
4
Let g = -1916 - -2240. What is the highest common divisor of g and 4?
4
Let k = 5 + -5. Suppose -n - n + 4 = k. Suppose -n*m + 836 = 2*m. Calculate the greatest common divisor of 19 and m.
19
Let r be (7 + -16 - -8)/((-2)/10). Calculate the greatest common divisor of r and 160.
5
Let w be (-249)/(-332)*(4/(-6))/1*-2. Let f be (-86)/(-6) - 2/(-3). What is the highest common divisor of w and f?
1
Suppose -8*w = -10*w + 36. Let b be 204/w + 2*(-1)/6. What is the greatest common factor of 88 and b?
11
Let l(i) = -2*i - 12. Let n be -1 - (28/2 - 4). Let r be l(n). What is the greatest common divisor of r and 30?
10
Let j = -7 + 49. What is the highest common factor of j and 154?
14
Let i be (-1*(-1 + -3) - 548)/(-1). What is the highest common divisor of 68 and i?
68
Suppose 0 = -10*h + 11*h - l - 45, -3*h = 4*l - 156. Let b = 14 - 8. What is the greatest common factor of h and b?
6
Let u(d) = d**3 - 17*d**2 + 26*d - 142. Let w be u(16). What is the highest common factor of w and 1476?
18
Let b = -2153 + 3134. What is the greatest common factor of b and 109?
109
Let t be -7 + 17 - (-1 - -4). What is the greatest common divisor of t and 21?
7
Let w(a) = 1184*a**2 - 10*a - 9. Let y be w(-1). Calculate the greatest common divisor of 15 and y.
15
Suppose 4*x + 5*j = 98, -j = -x + j + 18. Let k = -794 - -849. Calculate the highest common factor of x and k.
11
Let k be (-1)/((-18)/45*(-5)/(-4)). Suppose 3*d + 0*d - k*s = 26, 2*d - 39 = -3*s. What is the highest common factor of 12 and d?
12
Let b = -207 + 309. Suppose -b - 120 = -6*s. Calculate the greatest common factor of 74 and s.
37
Suppose 6*n - 40 = 68. What is the highest common factor of 234 and n?
18
Suppose -10*n + 25 + 35 = 0. Let f(c) = c + 36. Let g be f(0). Calculate the greatest common divisor of n and g.
6
Suppose -5*v + 45 = -5*o, -5 + 1 = 2*o + 5*v. Let n = -5 - o. Let j be (-24)/3*(-2)/n. Calculate the greatest common divisor of j and 88.
8
Suppose 0 = -4*b + 5*l + 12, -4*b - b - l + 44 = 0. Let u(w) = w**3 - 5*w**2 - 14*w + 44. Let y be u(b). What is the greatest common divisor of 31 and y?
31
Suppose -5*r + 5*a = -530, -3*r + 2*a + 328 = 11. What is the greatest common divisor of 6 and r?
3
Suppose 5*z = -3*x - 4 + 46, -5*z = -15. Suppose x*i - 449 = 2035. Calculate the highest common factor of 12 and i.
12
Let d be -13 + ((-2249)/(-13) - 0). Calculate the highest common factor of 520 and d.
40
Let a be -4 + 1 + (-60)/(-6). What is the greatest common divisor of 112 and a?
7
Let u(y) = -y + 70. Let x be u(0). Suppose 10 = 3*z - 8*z, 22 = 3*l - 2*z. Let g be ((-84)/(-9))/(4/l). Calculate the highest common factor of x and g.
14
Suppose 4*v + 1 + 1 = -w, 2*w = -3*v - 4. Let l be ((-6)/3)/(w/96). What is the highest common factor of l and 12?
12
Let d = -47 - -147. Calculate the greatest common factor of d and 50.
50
Let d(j) = -11*j - 1. Let h(f) = -11 - 13 + 13*f**2 + 36 - 13*f + f**3. Let y be h(-14). Let u be d(y). Calculate the greatest common factor of u and 84.
21
Suppose -4*l - k = -64, 5*l = k - 0*k + 89. Let x(b) = -6*b**3 + 3*b**2 - 2. Let y be x(-3). Calculate the greatest common divisor of y and l.
17
Let d be (-42)/(-147) + (-1)/(-7)*117. Suppose u - d = -3*o, -4*o + 0*o = -12. What is the greatest common divisor of u and 28?
4
Suppose -4*f + f - 36 = 0. Let b = f - -9. Let d be 8*-3*(b + 2). What is the greatest common factor of d and 8?
8
Let v(m) = 9*m + 9 - 4 + m**2 + 2. Suppose 5*d + 35 = -0*d - 5*o, -5*o + 1 = d. Let k be v(d). Calculate the highest common factor of 28 and k.
7
Let s = -135 + 161. Let n(d) = 17*d - 3. Let h be n(4). Calculate the greatest common divisor of h and s.
13
Let d be 1872/72*(-1 - -1*5). Let v = -19 + 29. Let g = 3 + v. Calculate the greatest common divisor of d and g.
13
Suppose 2*g + 0*g = -4*w + 310, 0 = 2*g + 5*w - 305. Let n = -151 + g. Calculate the highest common factor of n and 7.
7
Let v(f) = -f**2 + 27*f - 127. Let n be v(17). What is the highest common divisor of n and 1849?
43
Suppose 2*l - 2 = 6. Let v be 1/l - 7/(-4). Calculate the highest common divisor of v and 8.
2
Suppose 22*q = -2339 + 8675. What is the greatest common divisor of 108 and q?
36
Suppose 83 = w + 5*y - 444, 0 = -4*w - 3*y + 2057. Suppose -4*f = 5*z - w, -2*f = -4*f + 6. What is the highest common factor of z and 40?
20
Let o = 9 - -66. Suppose -68*y = -o*y + 168. Let b(u) = u**3 + u**2 - 2*u. Let j be b(2). Calculate the greatest common divisor of j and y.
8
Let a = 131 - 121. Suppose a*b + 90 = 15*b. What is the highest common factor of b and 144?
18
Let u = -19 + 131. What is the greatest common divisor of 21 and u?
7
Let f(g) = 162*g + 2. Let l be f(2). Let d = l + -221. Suppose 0 = -11*j + 17*j - 90. What is the greatest common divisor of j and d?
15
Let v be -3*(-3 + 44/(-6)). Let x = v - 13. What is the greatest common factor of 198 and x?
18
Let k = -11 + 16. Suppose 0*v + 5*n = -2*v - 37, k*v - 3*n = -46. Let g = 3 - v. What is the greatest common divisor of g and 21?
7
Let c be (-166)/(-10) - 21/35. Suppose 0 = -2*u + 120 - 40. What is the greatest common divisor of u and c?
8
Suppose c + 0*c - 19 = 0. Suppose -6*x + 0*x + 3174 = 0. Suppose -x = -6*l + 3*l - 4*r, -2*r + 692 = 4*l. What is the greatest common factor of c and l?
19
Let t(j) = j**3 - 9*j**2 + 3*j + 10. Let c be t(11). Suppose -3*g + c = -2*i + 7*i, 0 = 4*i - 3*g - 255. What is the greatest common factor of 30 and i?
30
Suppose -3*z + 840 = -4*x, 4*z + z + 3*x = 1400. Suppose z = -12*f + 20*f. What is the highest common factor of f and 315?
35
Suppose -242 = -2*b - 3*b - 2*s, -194 = -4*b - 2*s. Calculate the greatest common divisor of b and 12.
12
Let g(n) = -2*n**2 + 12*n + 7. Let v be g(6). Suppose -140 = v*x - 17*x. Calculate the greatest common divisor of 4 and x.
2
Let s(x) = x**3 - 8*x**2 - 4*x - 19. Let t be s(9). Calculate the highest common factor of t and 221.
13
Suppose 3*a - 3 = -2*a - 3*s, -4 = -3*a - 4*s. Suppose a = m - 13. Calculate the highest common factor of m and 221.
13
Let v be (-94)/(-3) + (140/30 - 6). What is the greatest common divisor of 30 and v?
30
Let j(n) = n**3 + 8*n**2 + 15*n + 80. Let a be j(-7). What is the greatest common factor of 1536 and a?
24
Let h = 153 - 69. Calculate the highest common divisor of 12 and h.
12
Let v be (-7)/1 - (-10 + -36). What is the greatest common factor of v and 663?
39
Let u(p) = 21 + 3 - 57*p + 55*p. Let z be u(-11). What is the highest common divisor of z and 368?
46
Let r be -16*2*(-1)/2. What is the greatest common divisor of 3888 and r?
16
Let k = 80 - 56. Suppose n - 159 = -2*g, -5*g = -3*n - 66 - 348. Suppose 3*w = s + g + 25, 5*w = -5*s + 190. Calculate the highest common divisor of k and w.
12
Let j = -492 + 835. Calculate the greatest common divisor of 147 and j.
49
Let s = 996 + -977. Calculate the highest common divisor of s and 646.
19
Let k be (-3)/((-18)/5) - 1339/(-6). Calculate the greatest common factor of 28 and k.
28
Let g = -1 - -3. Let m(o) = -3*o + 4. Let w be m(-2). Let r = w - 5. Calculate the greatest common divisor of r and g.
1
Let i(w) = 8*w - 4. Let y be i(6). Suppose -11*a - 6 = -25*a + 50. What is the greatest common factor of a and y?
4
Suppose 7*d - 2*g = 3*d + 82, -2*g = -d + 13. Calculate the highest common divisor of 437 and d.
23
Let o(p) = 3*p + 4. Let a be o(2). Suppose -w + 12 = -a. What is the highest common factor of 242 and w?
22
Let q be (-11)/33 - (-650)/6. Suppose 7*h - 4*h = 36. Calculate the highest common divisor of h and q.
12
Let s be -2 + 2 + 3 + -1. Suppose -12*o + s*o + 220 = 0. Calculate the greatest common factor of 66 and o.
22
Suppose 1902 = 7*r - 450. What is the greatest common divisor of r and 28?
28
Let j be (-98)/(-2) + (-3 - (-3 - 1)). Let k = j - 30. What is the highest common factor of k and 10?
10
Suppose 5*x + 3*l - 1115 = 0, l - 317 - 568 = -4*x. What is the greatest common factor of x and 88?
44
Let f(c) = -13*